*r - 6. Let x be v(14). Suppose 3*k + x = 13*k. What are the prime factors of k?
2, 5
Let m = 6163 - 3338. What are the prime factors of m?
5, 113
Suppose 0 = -5*j + 3*z + 12, 0 = 4*j - 2*z - 1 - 7. Suppose -4*i + 27 - 3 = j. Suppose -i*g = -5*g - 33. List the prime factors of g.
3, 11
Suppose 0 = -v + f + 657, -f + 3303 = 11*v - 6*v. List the prime factors of v.
2, 3, 5, 11
Let r(q) = -3*q**3 - 6*q**2 + 6*q + 1. List the prime factors of r(-5).
2, 7
Let m(d) = 0*d**2 + 6*d**2 + 10*d**2 + 3*d - d**2. Let i be m(-2). Suppose 2*j = 4, 0*j - 2*j - i = -2*v. What are the prime factors of v?
29
Let h be 8 - (-12)/(3 + 1). What are the prime factors of 10640/77 - 2/h?
2, 3, 23
Let g(t) = 21 - 60 - 2*t + 12*t**2 - 5*t - t**3 + 3*t. What are the prime factors of g(9)?
2, 3, 7
Let b(t) = -7*t**3 - 2*t**2 - t. Let u be b(-1). Suppose -3*c - 168 = -u*c. What are the prime factors of c?
2, 7
Let k = 1773 + -64. What are the prime factors of k?
1709
Let h(p) = p + 4. Let q be h(9). List the prime factors of 0 + (-8)/4 + q.
11
Let j(h) = -h**2 + 13*h - 11. Let d be j(12). List the prime factors of 3 + -3 + d + 126.
127
Let x be -4 + 1 + (17 - 13). Suppose 0 = -5*f - 0*f + 5. Let w = f + x. What are the prime factors of w?
2
Let g(n) = -n**3 - 11*n**2 + n + 14. Let r be g(-11). Suppose -3*l = 2*v - 7*v + 44, 0 = 2*v + 5*l + 1. Suppose -22 + v = -r*x. What are the prime factors of x?
5
Suppose 7*s - 8*s = -9. Suppose -4*x = -s*x + 20. What are the prime factors of -1 + 18 + 4/x?
2, 3
Let p = -57 - -241. Suppose 6*w - 2*w - p = 0. What are the prime factors of w?
2, 23
Suppose 713*g - 716*g + 6894 = 0. List the prime factors of g.
2, 3, 383
Let s(o) = 4*o + 35. Let i be s(-9). Let u(l) = -90*l**3 - l - 2. What are the prime factors of u(i)?
89
Let k(t) = 11*t**2 + 1 + 3 - t**3 - 3*t + 2*t**3 + 5. What are the prime factors of k(-11)?
2, 3, 7
Let m = 669 + -459. Let l = 569 - m. What are the prime factors of l?
359
Suppose 4*f - 54 + 1710 = 0. List the prime factors of (f/(-30))/((-2)/(-10)).
3, 23
Let q be 608/12*36/16. Suppose 0 = -41*l + 42*l - q. List the prime factors of l.
2, 3, 19
Let v = 1699 - 976. What are the prime factors of v?
3, 241
Suppose 0*b - 5 = 5*b. Let i be (b + 6 - 2) + 3. List the prime factors of 3/(i/2) - -11.
2, 3
What are the prime factors of 2/((-14)/(-1)) + 78155/343?
2, 3, 19
Let t(a) = -a**2 + 3*a + 10. Let o be t(0). What are the prime factors of 30/25*o*(-94)/(-8)?
3, 47
Let a = 1559 + -869. What are the prime factors of a?
2, 3, 5, 23
Let d(m) = -9*m - 6. Let t be d(4). What are the prime factors of 6/(-63) - 1390/t?
3, 11
Let p(d) be the first derivative of d**4/4 - 3*d**3 + 7*d**2/2 - 24*d - 32. What are the prime factors of p(10)?
2, 73
Let c(o) = o**3 + 25*o**2 - 157*o + 36. What are the prime factors of c(-25)?
17, 233
Let m be 24/(-4) + 8 - (-1)/1. Suppose -m*g = -12*g + 621. List the prime factors of g.
3, 23
Let t be (0 - -24) + 0/(-2). Let a be (-20)/6*(-2 + (-10)/(-20)). Let y = t - a. What are the prime factors of y?
19
Suppose 96 = -5*f - 3*z - z, 4*f + 3*z = -77. Let j = 106 + f. Suppose 0 = 2*y - 4*y + j. What are the prime factors of y?
43
What are the prime factors of ((-9)/108*2073)/(1/(-4))?
691
Suppose -2*u + 2*o = -2, -4*o + 2 - 6 = -u. What are the prime factors of (-74 + u)*6/(-12)?
37
Suppose 0 = -5*q - 2*o + 1 + 23, 0 = -4*q - o + 18. Let x = 44 - q. What are the prime factors of x?
2, 5
Suppose 4*j + 5*v = 25, -5*j = -0*v - 3*v + 15. Suppose -i + f + 4 + 50 = 0, j = 5*i - 3*f - 268. List the prime factors of i.
53
What are the prime factors of (-372)/(-62) + (39 - 1)?
2, 11
Suppose 0 = 67*j - 62174 - 79062. List the prime factors of j.
2, 17, 31
Suppose -7*l = -12*l + 60. Suppose -m - m + l = 0. What are the prime factors of 3/9 - (-370)/m?
2, 31
Let m(g) = -g + 24. Let q be m(25). Let d be 6*(-1 + 3)/2. List the prime factors of (d*q)/(6/(-4)).
2
Let c be (-10 + 8)*7/(-2). Let a be (-1 - (-2)/(-1)) + c. Suppose -a*x = -32 - 148. List the prime factors of x.
3, 5
Let g(n) be the first derivative of 13*n**4/4 - 4*n**3/3 + 6*n - 9. What are the prime factors of g(2)?
2, 47
Let c = -437 + 839. Let f = c + -135. What are the prime factors of f?
3, 89
Suppose 1845 = -10*w - 975. Let n = w + 501. List the prime factors of n.
3, 73
Suppose 346489 = 67*p + 94636. List the prime factors of p.
3, 7, 179
What are the prime factors of -24*(-29)/3*(-9)/(-2)?
2, 3, 29
Let f = -3834 - -6735. What are the prime factors of f?
3, 967
Let b = 1968 - -1557. What are the prime factors of b?
3, 5, 47
Let j = -11 - -26. Let p be 70/j - (-1)/3. Suppose 2*t - 8*m + 3*m = 34, 5*t = -p*m + 50. What are the prime factors of t?
2, 3
Let h = -19 + 15. Let i = 59 - h. Suppose -3*l + 63 = -i. List the prime factors of l.
2, 3, 7
Suppose z - 9*o = -4*o + 1391, 5*z = 3*o + 7021. What are the prime factors of z?
2, 19, 37
Suppose 0 = 5*q - 0*b + 2*b + 205, 0 = -5*q - 3*b - 205. Let c = q + 159. List the prime factors of c.
2, 59
Let a(s) = s**3 + 8*s**2 - 4*s + 5. Suppose -3*i + 3*u + 27 = -6*i, -3*i = 4*u + 28. What are the prime factors of a(i)?
37
What are the prime factors of (1323 + 42)*21/9?
5, 7, 13
Suppose 2*v + 5*z = 135 + 377, 964 = 4*v - 5*z. List the prime factors of v.
2, 3, 41
Let d = 11 + -12. Let p be (2 + -1 - 3)/d. What are the prime factors of (1 + 0)/(p/74)?
37
Let d be 4 - -4*(0 - -2). Suppose d + 12 = p. What are the prime factors of p?
2, 3
Let a = -4 + 7. Suppose 4*j - 3*j = w - 64, -a*j = w - 84. List the prime factors of w.
3, 23
List the prime factors of 10/(-3)*-1671*3/15.
2, 557
Let v(c) = -c**3 - 9*c**2 - 2*c + 2. What are the prime factors of v(-11)?
2, 7, 19
Let i = 26 + -24. Let s be 56/7*i/4. Let l(m) = 2*m**2 + m - 5. List the prime factors of l(s).
31
Let v(n) be the second derivative of -n**4/24 + 19*n**3/6 + 2*n**2 + 3*n. Let m(w) be the first derivative of v(w). What are the prime factors of m(-16)?
5, 7
Suppose -16688 = -2*l + 4*s, 42360 = 4*l - s + 8963. List the prime factors of (l/175)/((-2)/(-14)).
2, 167
Let g(k) = 3 - 11 - 3 + 26*k - 13. List the prime factors of g(4).
2, 5
Let b(o) be the third derivative of o**5/30 + o**4/12 - o**3/2 + o**2. Let t = -703 - -696. What are the prime factors of b(t)?
3
Suppose -15*r = -10*r + 4*k + 254, 5*r - k + 274 = 0. Let s = r + 64. List the prime factors of s.
2, 5
Let k be (98/(-56))/(1/12). What are the prime factors of (-214)/(-3) + 7/k?
71
Let k(g) = -1 + 11*g - 28*g + 16*g + 14*g**2 + 0. List the prime factors of k(-2).
3, 19
Suppose 2*w - b + 0 = -3, -b - 5 = 0. Let y(s) = -2*s + 17 - 9*s - 7 - 14. What are the prime factors of y(w)?
2, 5
Suppose 0 = -4*o - 3*i + 21, -3*o = -5*i + 9*i - 7. List the prime factors of 3115/45 + (-2)/o.
3, 23
Let g be 0 + (-5 - (-3 - -1)). List the prime factors of 0/3 + (0 - g - -163).
2, 83
Let x = 206 - -172. Let d = x + -197. List the prime factors of d.
181
Suppose -3*c + j - 1 = 0, 2*j = -2*c + 5*j + 11. Let x = c - -6. Suppose x*d - d + 15 = 0, -p + 4*d = -23. List the prime factors of p.
3
List the prime factors of 22/(-99) - ((-29459)/9)/1.
3, 1091
Let n(i) = 101*i - 511. What are the prime factors of n(24)?
1913
Let v(r) = 2*r**2 - 7*r + 7. Let t be v(4). Let b(l) = -3*l + 4*l - 9 + l. List the prime factors of b(t).
13
Suppose 0 = 5*a - 2*x - 19, 5*a - 3*a - 2*x = 10. Suppose 0 = 2*s + a*s + 140. Let h = -19 - s. List the prime factors of h.
3
Let d be 23 + 14 + -2 + 1. Let q be (d/8)/3*-2. What are the prime factors of (0 - -3)/q - -32?
31
Let t(k) = -31*k + 1. Let o(g) = -g. Let a(n) = -3*o(n) - t(n). What are the prime factors of a(1)?
3, 11
Let o(s) = -3 - 14*s**3 - 2*s - s**2 + 2 - s. Let b(k) = -k**3 + 4*k**2 - 1. Let w be b(4). What are the prime factors of o(w)?
3, 5
Let q = 1709 - 980. What are the prime factors of q?
3
Suppose -2*r - 24 = 2*o - 6*o, -2*r - 4*o - 56 = 0. Let y be 16/9 + r/(-90). Suppose 48 = y*c - 48. List the prime factors of c.
2, 3
Suppose -2*l - 19*i = -20*i - 648, i = -l + 321. List the prime factors of l.
17, 19
Let s(y) = -4*y**3 - 52*y**2 - 2*y - 54. List the prime factors of s(-15).
2, 3, 37
Suppose u = -5*t + 2, 3*u = -0*t - t + 6. Suppose u*y - 67 = y. Suppose 2*h + 63 = 2*m + h, -3*m + y = 4*h. What are the prime factors of m?
29
Let w = -1 + 2. Let d(t) = -t**3 + 7